{"id":5716876,"date":"2025-06-02T11:17:32","date_gmt":"2025-06-02T09:17:32","guid":{"rendered":"https:\/\/www.herreradelduque.com\/?post_type=product&#038;p=5716876"},"modified":"2025-06-02T11:24:45","modified_gmt":"2025-06-02T09:24:45","slug":"talleres-infantiles-peloche-del-15-al-31-de-julio-2025","status":"publish","type":"product","link":"https:\/\/www.herreradelduque.com\/en\/producto\/talleres-infantiles-peloche-del-15-al-31-de-julio-2025\/","title":{"rendered":"Talleres Infantiles Peloche del 15 al 31 de julio 2025"},"content":{"rendered":"","protected":false},"excerpt":{"rendered":"<ul>\n<li>Talleres Infantiles<\/li>\n<li>Ni\u00f1os y ni\u00f1as escolarizados de 3 a 14 a\u00f1os.<\/li>\n<li>En los datos del cliente incluir los datos del ni\u00f1o o la ni\u00f1a.<\/li>\n<li>En el campo del formulario &#8216;Edad&#8217; incluir la edad del ni\u00f1o o la ni\u00f1a.<\/li>\n<li><span style=\"font-weight: 400;\">Precio: 25 \u20ac\u00a0<\/span><\/li>\n<li><span style=\"font-weight: 400;\">Abierta inscripci\u00f3n hasta viernes 20 junio<\/span><\/li>\n<li>Fecha de realizaci\u00f3n: del 15 al 31 de julio.<\/li>\n<li>Horario de realizaci\u00f3n: 10.00 h a 14.00 h<\/li>\n<li>S\u00f3lo se permite una compra por operaci\u00f3n.<\/li>\n<\/ul>\n","protected":false},"featured_media":5686449,"comment_status":"closed","ping_status":"closed","template":"","meta":[],"product_cat":[183],"product_tag":[],"_links":{"self":[{"href":"https:\/\/www.herreradelduque.com\/en\/wp-json\/wp\/v2\/product\/5716876"}],"collection":[{"href":"https:\/\/www.herreradelduque.com\/en\/wp-json\/wp\/v2\/product"}],"about":[{"href":"https:\/\/www.herreradelduque.com\/en\/wp-json\/wp\/v2\/types\/product"}],"replies":[{"embeddable":true,"href":"https:\/\/www.herreradelduque.com\/en\/wp-json\/wp\/v2\/comments?post=5716876"}],"wp:featuredmedia":[{"embeddable":true,"href":"https:\/\/www.herreradelduque.com\/en\/wp-json\/wp\/v2\/media\/5686449"}],"wp:attachment":[{"href":"https:\/\/www.herreradelduque.com\/en\/wp-json\/wp\/v2\/media?parent=5716876"}],"wp:term":[{"taxonomy":"product_cat","embeddable":true,"href":"https:\/\/www.herreradelduque.com\/en\/wp-json\/wp\/v2\/product_cat?post=5716876"},{"taxonomy":"product_tag","embeddable":true,"href":"https:\/\/www.herreradelduque.com\/en\/wp-json\/wp\/v2\/product_tag?post=5716876"}],"curies":[{"name":"wp","href":"https:\/\/api.w.org\/{rel}","templated":true}]}}

<ul>
<li>Talleres Infantiles</li>
<li>Niños y niñas escolarizados de 3 a 14 años.</li>
<li>En los datos del cliente incluir los datos del niño o la niña.</li>
<li>En el campo del formulario &#8216;Edad&#8217; incluir la edad del niño o la niña.</li>
<li><span style="font-weight: 400;">Precio: 25 € </span></li>
<li><span style="font-weight: 400;">Abierta inscripción hasta viernes 20 junio</span></li>
<li>Fecha de realización: del 15 al 31 de julio.</li>
<li>Horario de realización: 10.00 h a 14.00 h</li>
<li>Sólo se permite una compra por operación.</li>
</ul>
